*h - 8*h, -d + 7 = h. Let w be -6 + ((-8)/(-20) - (-3)/d). Let l(g) = -4*g + 5. What is l(w)?
25
Let h(l) = -l**3 + 21*l**2 - 38*l - 5. Let c = 6828 - 6809. Give h(c).
-5
Let d(f) = -7*f + 2. Let p(x) = -x + 4*x - 6*x + 4*x + 1. Let o(h) = d(h) - 3*p(h). Let k = -10 - -9. Give o(k).
9
Suppose 0 = 4*t - 25 + 45. Suppose j = -4*k + 26, 0 = 3*k + k - 2*j - 32. Let h(g) = g + 5*g - 5 - 2 - k*g. Determine h(t).
-2
Let v(p) be the third derivative of -p**6/120 - 7*p**5/60 - 7*p**4/12 - 13*p**3/6 - 2869*p**2. Calculate v(-5).
7
Let a(y) = -14*y - 14. Let r = 137 + -132. Suppose r*o = 4*q + 50, 2*o - 1 - 1 = -2*q. Let s(u) = -2*u - 2. Let k(c) = o*a(c) - 44*s(c). What is k(-3)?
-8
Let g(m) = -3*m + 11. Let y(v) = 4*v - 16. Let i = -27 + 34. Let n(c) = i*g(c) + 5*y(c). Let u = -15 - -9. Calculate n(u).
3
Suppose -3*q - 267 = -318. Suppose -3*u - 8*m = -13*m + 16, -q = 3*u - 4*m. Let i(y) = -y - 2. Determine i(u).
5
Let q(t) = 3318*t - 495. Let i(x) = 295*x - 45. Let l(y) = 45*i(y) - 4*q(y). Give l(8).
-21
Let i(x) = -36*x - 3. Let m(d) = 187*d + 24. Let k(w) = -6*i(w) - m(w). Determine k(3).
81
Let p(q) = 6*q + 18 - 38 + 23 - 7. What is p(12)?
68
Let u(l) = -3 - 10809*l**2 + 3604*l**2 + 3602*l**2 - 2*l + l**3 + 3597*l**2. Let r be 30/(-9)*(-24)/10. Let a be (18/(-4))/((-6)/r). Calculate u(a).
-15
Let q = 799 + -802. Let f(t) = -t**2 + 10*t + 26. What is f(q)?
-13
Let x(i) = -i**2 - 3. Let o be x(-2). Let w(u) be the third derivative of -u**4/4 - 2*u**3/3 + 162*u**2. What is w(o)?
38
Let d(y) be the third derivative of -y**5/60 - y**4/12 + y**3/6 + 1342*y**2. Give d(-5).
-14
Let a(o) = o**2 + o**2 - 2*o + 4*o + 78*o**3 - 80*o**3. Let x = 94 - 91. What is a(x)?
-30
Let b(v) = 1264*v - 2520*v - 8 + 1257*v. Suppose -n + 3*i + 20 = 0, 5*i - 10 = -5*n + 2*i. Calculate b(n).
-3
Let n(l) be the second derivative of l**4/12 - l**3 + 17*l**2/2 + 10*l + 83. What is n(6)?
17
Let i(c) be the first derivative of 7 - 5*c - 1/2*c**2. Calculate i(-8).
3
Let q(m) = -m**3 - m**2 + 10*m + 14. Let u be q(-3). Let c(t) = -t**u + t**2 + 6 + t**2 + 0*t**2 + 463*t - 447*t. Determine c(-15).
-9
Let y(v) = v**2 - 19*v + 75. Suppose 5*d = 4*p + 101, -60*d + 2*p - 9 = -61*d. Determine y(d).
41
Let t be (-24)/(-10) - 4/10. Let y(d) = 3 - 3*d - 1 - d**t - d**2. Suppose 4*o = -4*i + 8, i + 3*o = -0*i + 2. Give y(i).
-12
Let s(o) = 4522 + 12*o + 10*o - 2*o**2 - 4503. Determine s(12).
-5
Let q(d) = 46*d + 17. Let u(l) = 30*l + 16. Let p(s) = -2*q(s) + 3*u(s). Let g = 22 + -16. Calculate p(g).
2
Suppose 4*s - 502 = -4*i + 7*s, -2*i = 3*s - 260. Let w(c) = 2*c**3 + 7 + i*c + 8*c**2 - 120*c - c**3. Give w(-5).
47
Suppose 113*w - 74 = 111*w. Suppose 192 = 31*o + w. Let q(n) = n**2 - 4*n + 1. What is q(o)?
6
Let c(i) be the third derivative of -i**5/60 + i**4/24 + 2*i**3 + 8070*i**2. Calculate c(0).
12
Let b(v) = v. Let t be b(2). Let q(m) = 3*m**2 - 3*m**2 + 5 + m**2 + 4*m - t*m**2. Suppose 2*h + 2 = 0, -194*s + 4*h + 12 = -192*s. Determine q(s).
5
Let s(g) = -3*g - 21. Suppose -18*a = 25 + 155. What is s(a)?
9
Let s(k) = 15*k. Let w(o) = 11*o. Let p(h) = -3*s(h) + 4*w(h). Let a be p(4). Let y(r) = r**3 + 4*r**2 + 2*r + 9. Give y(a).
1
Let d(n) = n**3 - 7*n**2 + 5. Let o(r) be the second derivative of r**4/12 - 5*r**3/6 + 7*r**2/2 + 91*r. Let w be o(5). What is d(w)?
5
Let c(a) = -a + 7 + 0*a - 25 + 10 + 16. What is c(12)?
-4
Let s(d) = 7*d + 6. Suppose -1089*j + 60 = -1077*j. Give s(j).
41
Let y(a) be the second derivative of 1/2*a**2 - 1/6*a**3 + 21*a - 1/3*a**4 - 1/20*a**5 + 0. Calculate y(-3).
-5
Let b(q) = q**2 - 5*q + 1. Let r = 4000 - 3994. Give b(r).
7
Let f(g) = -34*g - 4*g + 12*g**2 - 5*g**2 + 13*g - 20*g + 13. Determine f(6).
-5
Let q(r) = 3*r - 7 - 2*r - 2*r. Let f be (-5 - 920/228) + 4/114. Calculate q(f).
2
Let o(w) = w**2 + 59*w - 44*w - 5*w**2 + 5*w**2. What is o(-16)?
16
Let i(g) = -61*g**2 + 45*g**2 - g + 32*g**2 + 9 + g**3. Determine i(-16).
25
Let q(t) = -7*t**2 - 3 + 4 - 7*t + 1 + t**3 - 2*t**3. Let g(j) = -37*j - 2410. Let u be g(-65). Determine q(u).
-13
Let i(y) = -y**2 - 7*y + 6. Let u(a) = -a**2 - 7*a + 5. Let v(w) = -4*i(w) + 3*u(w). Let p(s) = 5*s**2 - 412*s + 1336. Let b be p(79). Determine v(b).
-9
Let o(h) = 3*h**2 + 9*h + 5. Let m(n) be the second derivative of n**4/6 + 2*n**3/3 + 3*n**2/2 + 92*n. Let z(t) = 5*m(t) - 3*o(t). Give z(8).
8
Let b = 67 + -66. Let f be -6 + 1 + 4 + 323/b. Let w(r) = -322 - 5*r**2 + f. Determine w(-1).
-5
Let g(c) = -14*c + 5. Suppose v - 14 = -3*b, 16 = 2*b - 0*v + 4*v. Let i(s) = 10*s + 7*s - b - 8*s + 4*s. Let t(l) = -5*g(l) - 6*i(l). What is t(2)?
-17
Let v(x) = x**2 - 2. Let n(c) = -c**2 + 2*c + 85. Let l be n(10). Suppose 2*q + 3*z = -15, -11*q + l = -8*q - z. Calculate v(q).
-2
Let y(l) = -l**3 - 22*l**2 - 2*l + 7. Suppose 91*r + 31*r + 2684 = 0. Calculate y(r).
51
Suppose 9*q = 32 + 22. Let v(t) = -8 - t + 3 + q. Calculate v(-5).
6
Let x(r) = 837*r**3 + 9 - 1664*r**3 + 826*r**3 - 2 - 2*r. What is x(0)?
7
Let y(b) = 2*b**2 + 15*b - 13. Suppose -48*k + 4*n = -47*k + 13, 3*k = -5*n - 22. Calculate y(k).
14
Let b(s) = -s**3 + 10*s**2 + 9*s - 1. Let u(a) = -4*a**2 + 58*a - 27. Let m be u(14). Let c be m*(22/(-4))/((-4)/8). Give b(c).
-23
Let z(r) = 4*r**2 - 2*r + 2. Suppose 17*p + 0*p - 357 = 0. Suppose 4*q - 5*i - 23 = 0, -3*q = i - 6*i - p. Give z(q).
14
Let s(t) = t. Let p = 56 + -3. Let k = -46 + p. Let w(m) = -4*m + 21. Let l be w(k). Give s(l).
-7
Let a(t) = t**3 - 28*t**2 + 35*t + 438. Let o be a(26). Let m(u) = u**3 - 4*u**2 - 26*u - 10. Determine m(o).
-34
Let b(o) be the third derivative of -o**6/120 - o**5/10 + 4*o**3/3 - 11*o**2 - o + 9. Determine b(-5).
-17
Let o be -3*(-2)/24 - 3247/(-68). Let w(m) = o - 15 - 17 - 17 - 8*m**2 - m. What is w(-1)?
-8
Suppose 3*k - k = 3*x - 8, 3*k + 5 = x. Let q(t) = -3 + x*t + t + 1 + 0*t. Determine q(4).
10
Suppose -3*y + 227 = 4*g, 2*g = -g + 2*y + 183. Suppose 51*u - g*u = 0. Let x(h) = -h**3 - h**2 + 12. Calculate x(u).
12
Let q = -19583 + 391661/20. Let t(o) be the second derivative of 0 - 1/6*o**3 - q*o**5 - 22*o - 1/12*o**4 + o**2. Calculate t(2).
-12
Let j = -8 - -6. Let v(i) = -i - 2*i + 76*i**3 - 221*i**3 - 5*i**2 + i**2 + 144*i**3. Calculate v(j).
-2
Let o(f) = -427*f**2 - 15*f - 15. Let q be o(-1). Let l = -427 - q. Let a(v) = -v**2 + 3*v + 1. What is a(l)?
1
Suppose -25*n + 37 = -163. Let r(p) = p**2 - 7*p + 16. Give r(n).
24
Let j(i) be the first derivative of -i**4/2 + 10*i**3/3 - i**2 + 4*i - 2246. Give j(5).
-6
Let v be (-45)/(-9) + 1 + 1 + 1. Let l(x) = x**2 - 5*x - 14. Calculate l(v).
10
Let l(w) = 4427 + 4425 - w - 8846. Suppose 5*m = 2*m - 4*a - 6, m + a + 1 = 0. Suppose -m*b - 28 = -6*b. Calculate l(b).
-1
Let t(o) = 222*o**2 - 78*o**2 - 73*o**2 + 20*o + 82 - 70*o**2 + 6. Give t(-10).
-12
Let h(g) = -g + 8. Suppose 12 = -3*a, 3*x + 6*a = 7*a - 1625. Let y = -543 - x. What is h(y)?
8
Let k(z) = 6*z + 12. Let m be k(0). Suppose -m*w - 7*w = -5*w. Let i(f) = -f**2 - 1 + 0*f + f**3 - 5*f - 5*f + 11*f. Calculate i(w).
-1
Let n = 212 - 202. Let c be (n/(300/(-54)))/((-3)/(-10)). Let l(s) = s**2 + 3*s - 3. What is l(c)?
15
Let g(c) = c**3 - 11*c**2 + 20*c - 1. Let p be g(3). Let o(v) = v**2 + 14*v + 10. Give o(p).
-3
Let h(c) be the second derivative of -7*c**5/20 + c**4/6 + c**3/6 + 5*c**2/2 + 5*c + 55. What is h(-2)?
67
Let m(t) be the third derivative of 1/3*t**3 + 89*t**2 + 0 + 1/6*t**4 + 0*t. What is m(-2)?
-6
Let b(u) be the first derivative of -8/3*u**3 - 15*u + 1/4*u**4 - 244 + 5*u**2. What is b(7)?
6
Let a(b) = b**3 - b - 7. Let k(l) = -3*l**3 - 16*l**2 + 12*l + 3. Let g be k(-6). What is a(g)?
17
Let w(n) = n**3 - 21*n**2 - 27*n + 97. Let l(y) = 2295*y + 22. Let s be l(0). What is w(s)?
-13
Let w = 3 - 14. Let k(r) = 55 + 44 - 11*r - 3*r**2 - 126 + 39 + 2*r**2. What is k(w)?
12
Let h(l) = l**3 - 6*l**2 + 3*l + 12. Suppose 3*v + 49 = 10*v. Let y(f) = -6*f**2 + f**3 + 2 + 3*f + 14 - 3. Let m(z) = v*h(z) - 6*y(z). Calculate m(5).
-4
Let r(k) = -k + 0 - 2 + 0 + 6*k**2. Let l(i) = 30*i**2 - 6*i - 11. Let x(m) = -2*l(m) + 11*r(m). Let v be (-60)/(-150)*-55 - -23. Determine x(v).
7
Let y(k) = -k**2 + 5*k - 6. Let r = -69 + 89. Let v = r + -17. Let h be y(v). Let a(d) = -d + 10. Determine a(h).
10
Let g be (-20)/25 + 28/10. Suppose -9*b + 8*b = g. Let m(x) = 9